rs of z(t).
2, 23
Let h = -4036 - -6004. List the prime factors of h.
2, 3, 41
Let o = 5451 - 8183. What are the prime factors of (14/6)/(o/456 + 6)?
2, 7, 19
Suppose -t + 1312 = 3*t. Suppose 10*f = 382 + t. List the prime factors of f.
71
Let y(d) = -d**3 - 3*d**2 - 8*d - 2. Let j be y(7). What are the prime factors of (j/(-16) - -3)*4?
149
Let l(p) = -p**3 + 4*p**2 - 2*p + 1. Let j be l(3). What are the prime factors of 212*(1/j - 0)?
53
Let i(d) = 0*d**2 + 2*d**3 - d**3 + 1 - 4*d + 6 + 4*d**2. What are the prime factors of i(-5)?
2
Let m(c) = 3*c**3 - 31*c**2 - 34*c - 36. Let w(f) = -2*f**3 + 15*f**2 + 17*f + 19. Let q(p) = 3*m(p) + 5*w(p). What are the prime factors of q(-18)?
293
List the prime factors of ((-51650)/(-20))/((-10)/(-20)).
5, 1033
Suppose 3*c = 34 + 26. Suppose 2*y = 5*y - 5*s - 9, -4*s = 5*y - 15. Suppose -j = h - c, y*h - 44 = -j - j. List the prime factors of j.
2
Let g be (0 - 1)/((-2)/4). Let o be (-3)/1 - (-3 - g). Suppose -3*n + 54 = z, -o*z = -n - 7*z + 32. What are the prime factors of n?
17
Let g = 101 + -58. Suppose r + a = -0*r + g, -4*a + 212 = 5*r. List the prime factors of r.
2, 5
Suppose d = -0*x + x + 1, -3*d = 3*x - 33. Let u(j) = 2*j + 2. Let w be u(-3). What are the prime factors of w/12 - (-182)/d?
2, 3, 5
Let g(i) = 2*i - 1. Let o(a) = 5*a - 5. Let r(n) = -5*g(n) + o(n). Suppose 2*k = h - 8, 27 = -5*k - h - 0*h. What are the prime factors of r(k)?
5
Suppose 7*k - 573 - 4383 = 0. What are the prime factors of k?
2, 3, 59
Let v = 74 - 76. Let c(w) = -w + 10. What are the prime factors of c(v)?
2, 3
Suppose -5*c - 1219 = -3*l, 0 = 5*c - c + 8. List the prime factors of l.
13, 31
Let q(n) = -n**2 - 6*n + 2. Let b be q(-6). Suppose 6*h - 160 = b*h. What are the prime factors of h?
2, 5
Suppose 4*i - 2647 - 3934 = -5*z, 4*z - 4*i - 5272 = 0. What are the prime factors of z?
3, 439
Suppose 4*q - 8*q + 8596 = 2*x, 4*q - 21472 = -5*x. What are the prime factors of x?
2, 29, 37
Suppose 7*d - 2*d = 4*c - 15, -d = -3*c + 25. Suppose y = c - 0. Let n = -3 + y. List the prime factors of n.
7
Let s(v) be the first derivative of -v**4/4 - 5*v**3 - 15*v**2/2 - 10*v - 35. List the prime factors of s(-14).
2
Let u(o) = -26*o - 21. What are the prime factors of u(-7)?
7, 23
Let t(n) = 17*n. Suppose 0*q = 4*c - 5*q - 24, q + 1 = -3*c. List the prime factors of t(c).
17
Let o(d) = -d**3 + d**2 + d + 1. What are the prime factors of o(-7)?
2, 193
Suppose 0 = -6*j - 48. Let z(n) = 2*n - 4. Let p(m) = -m + 3. Let l(w) = -7*p(w) - 5*z(w). What are the prime factors of l(j)?
23
Suppose -2*u = -0*u - 6. Suppose 2 = -u*f + 8. Suppose -3*y + 5*t + 130 = f*y, -110 = -4*y + t. What are the prime factors of y?
2, 7
Let u(c) be the first derivative of -c**4/4 + 11*c**3/3 + 4*c - 4. Let v be u(11). Suppose -4*r - i + 105 = -0*i, v*i = 3*r - 55. List the prime factors of r.
5
Let l = -8 + 11. List the prime factors of (l/2 - 1) + (-927)/(-18).
2, 13
Let i = 165 + -146. What are the prime factors of i?
19
Suppose -o = -5*d + 591, 7*d + 4*o + 122 = 8*d. List the prime factors of d.
2, 59
Let h(p) = 263*p - 13 - 351*p - 15. What are the prime factors of h(-3)?
2, 59
Let o = 26 - 50. Let f = 42 - o. What are the prime factors of f?
2, 3, 11
List the prime factors of (-6*(-1454)/6)/1.
2, 727
Let v(u) = u**3 + 3*u**2 - u - 1. Let q be v(-3). Suppose q*a = a - h + 3, 2*a - 3*h = -14. List the prime factors of a/(-2)*-1*-18.
3
Suppose 5*p = 2*h + 50, -5*p + 102 - 22 = 4*h. What are the prime factors of p/(-3)*1*-15?
2, 3, 5
Suppose l = 6*l + 5*a, 2*l + 3*a + 4 = 0. Suppose 15 = l*b - 21. Let r = 17 - b. What are the prime factors of r?
2
Let a = 396 - 223. List the prime factors of a.
173
Suppose 2*k = -g - 20, -2*k + 3*k - 4*g = -10. Let a = 3 + k. List the prime factors of 21 + a + -1*1.
13
Suppose 0 = 201*y - 208*y + 10094. List the prime factors of y.
2, 7, 103
Suppose -485*d + 481*d + 6008 = 0. List the prime factors of d.
2, 751
Let h be (-7)/35 + -1*(-1)/5. What are the prime factors of (77 - (h - 1))/((-9)/(-12))?
2, 13
Let n = 13 + -15. Let o be 3 - (1 - 2 - n). List the prime factors of (-6)/o + -2 + 19.
2, 7
Let x = 815 - 434. Let d be (x/(-2))/((-6)/4). Let k = d + -49. List the prime factors of k.
2, 3, 13
Let t = 20 + -16. Suppose 3*s = t*s - 44. List the prime factors of s.
2, 11
Let t = -100 + 92. What are the prime factors of 21/(-84) + (-42)/t?
5
Suppose -4*j + 5*x = 2*x + 72, 48 = -4*j - 3*x. Let k be (-54)/10 - (-9)/j. What are the prime factors of (k/(-7))/((-11)/(-154))?
2, 3
Let l be 18 + -15 - 2*(-6)/(-4). Suppose l = 3*g + 15, 4*n - 116 = 5*g + 513. What are the prime factors of n?
151
Let k(c) = -7*c**3 - c - 2. Let d be k(-1). Suppose d*o = 5*o + 32. List the prime factors of o.
2
Suppose d + 7148 = 3*d. What are the prime factors of d?
2, 1787
Let n be (0 - -1)*(-32 + 12). Let f = n - -23. What are the prime factors of f?
3
Let r be (-76)/(-133) + (-3)/(-7). Let o be r + 100 - 1*2. Suppose -5*q + 56 = -o. List the prime factors of q.
31
Suppose c = 3*m + 22, 2*c + 22 = -m - 4*m. Let r = 14 - 37. Let t = m - r. What are the prime factors of t?
17
Suppose 0 = -g + 1, r + 3*g = -0 + 7. Suppose -r*i = -2*l + 158, -i = -l + 6*l - 417. What are the prime factors of l?
83
Let k be -213 - 4*(3 - 28/8). Let a = -145 - k. List the prime factors of a.
2, 3, 11
Let t = -2 + -1. Let f be 2/2*(18 + 0). What are the prime factors of (f/4)/(t/(-12))?
2, 3
Let c(m) = -9*m**3 - 4*m**2 - 5*m + 1. Suppose -10*i + 15 = -15*i. List the prime factors of c(i).
223
Suppose -292*r = -282*r - 59490. What are the prime factors of r?
3, 661
Suppose 23*m - 21*m - 406 = 0. List the prime factors of m.
7, 29
Let h = 589 + -134. List the prime factors of h.
5, 7, 13
Let r(s) = 2896*s - 145. List the prime factors of r(1).
3, 7, 131
Suppose 2*j + 3 + 7 = 0. What are the prime factors of (j + -3)/(-2) - -123?
127
Suppose 11*q - 1468 - 5297 = 0. List the prime factors of q.
3, 5, 41
Let n(y) = -40*y + 3. Let g be n(1). Let q = g + 77. What are the prime factors of q?
2, 5
Suppose 0 = 4*y - 52 - 48. Let b = y - -16. What are the prime factors of b?
41
Let a(s) = 8*s**2 + s + 1. Suppose 4*j - 19 = -3*x + 6*x, 3*j - 8 = -4*x. List the prime factors of a(x).
2
Suppose 9*s = 12*s - 2*k - 909, -606 = -2*s + 4*k. List the prime factors of s.
3, 101
Let p(f) = 15*f**2 + 35*f + 17. What are the prime factors of p(-11)?
1447
List the prime factors of 7/7 + (-27839)/(-7).
2, 3, 13, 17
Suppose 5*m = 2*d - 80, -2*d = -3*m - 102 + 18. Suppose 5*f - 475 = -5*p, 0 = 3*f + 2*p + 118 - 407. Let g = f - d. List the prime factors of g.
2, 3
Let t(o) = -7*o - 3 + 2*o**2 + 1 + 0 - 4. Let b be t(10). Suppose 3*u - b = -46. What are the prime factors of u?
2, 13
Suppose -81 = -5*t - 4*u, 2*t - t = -4*u + 29. List the prime factors of (-13)/(t/(-110)) - 0.
2, 5, 11
What are the prime factors of (-7 + 11 + -1)*2978/6?
1489
Let w(v) = -3*v - 2. Let k be w(-2). Suppose 30 = k*z + z. Let o(d) = -d**3 + 8*d**2 - 7*d + 5. What are the prime factors of o(z)?
5, 7
Suppose -562*z = -541*z - 84609. List the prime factors of z.
3, 17, 79
Let t = 1769 - 1392. What are the prime factors of t?
13, 29
List the prime factors of (-7)/(35/(-958))*5.
2, 479
Let k(q) = q**2 - 4*q + 5. Let w be k(5). Let c be w/15 + (-160)/6. List the prime factors of (c/(-6))/(12/144).
2, 13
Suppose 0 = -2*q - k + 1371, -4*q + 1104 = -3*k - 1613. Suppose q - 137 = 7*t. List the prime factors of t.
2, 3, 13
Let h = 1439 + -133. What are the prime factors of h?
2, 653
Suppose -4*o + 18 = -2. Suppose -3*h = v - 1, v + o*h + 4 = -3. List the prime factors of v.
13
Let k(d) = 4*d - 4*d - 57 + 7*d + 64. List the prime factors of k(3).
2, 7
Let n(f) = -2*f**2 - f - 16. Let b be n(0). Let o = b + 20. List the prime factors of o.
2
Suppose 0 = -2*a + 5*t - 4*t + 250, 0 = -5*t + 20. Suppose -5*z + 193 = -a. What are the prime factors of z?
2
Let y(u) = -4*u - 13. Let x(s) = 3*s + 12. Let b be x(-6). Let g be y(b). Let c(n) = 5*n - 6. List the prime factors of c(g).
7
Let r(l) = 96*l + 117. List the prime factors of r(8).
3, 5, 59
What are the prime factors of 10386*(-1)/18*-6?
2, 3, 577
Let q = -23 + 26. Let v(c) = 11 - 8 - 13 - q*c. What are the prime factors of v(-4)?
2
Let x = 40 - -22. Suppose -2*q - 4*b = -x, b = -